3
Let x be 8 + (6/2 - 1). Suppose -3*w + 2*h = -72 - 142, 4*w + h - 278 = 0. What is the highest common divisor of w and x?
10
Let f be -5 + 2 + 0 + -32. Let o = -25 - f. Let n be (-6)/15 + 214/o. Calculate the highest common divisor of 105 and n.
21
Let i(g) = -3*g - 20. Let z be i(-7). Let f be 4/2*2/4. Calculate the greatest common divisor of f and z.
1
Let t be 51/2*22/(-33). Let d = t + 47. Suppose -3 - 27 = -5*r. What is the greatest common factor of r and d?
6
Let i be (0 + -3)/3*-34. Suppose -2*v + 612 = -6*x + x, 2*x = 5*v - 1530. What is the greatest common divisor of i and v?
34
Let s(b) be the first derivative of -9*b**2/2 - 63*b - 16. Let i be s(-18). What is the greatest common divisor of i and 9?
9
Let b = -308 + 679. Calculate the highest common factor of b and 106.
53
Let n(b) = b**2 - 11*b + 42. Let a(q) = -q**3 - 8*q**2 - 12*q - 28. Let i be a(-7). Let t be n(i). What is the greatest common factor of 70 and t?
14
Suppose -174*i = -152*i - 616. What is the greatest common divisor of 217 and i?
7
Let g(d) = d**2 - 25*d - 27. Let i be g(27). Let n(c) = 31*c + 3. Let o be n(6). What is the greatest common factor of i and o?
27
Let a(o) = -o**3 - 8*o**2 + 7*o - 11. Let c be a(-9). Let l(k) = -k**2 + 11*k - 13. Let v be l(c). Calculate the highest common factor of 6 and v.
3
Let o be (-2)/3 - 16/(-24). Suppose o = 3*p - j - 56, -p - p - j = -44. Calculate the highest common factor of 5 and p.
5
Suppose 315 = 3*u + 5*m, -5*u + 525 = 3*m - 8*m. Let h = -3 - -6. Suppose -5*q + 52 = 2*f, -4*q + 54 + 17 = h*f. What is the highest common divisor of u and f?
21
Let u be (-33 - -1)*78/(-12). What is the highest common factor of 78 and u?
26
Suppose 26742 = 15*t - 18408. Calculate the greatest common factor of t and 70.
70
Let f = 550 + -242. Suppose -3*g = -7*g + f. What is the greatest common factor of 11 and g?
11
Suppose 0 = 3*a - 4*a - 8. Let d = a - -16. Let o(p) = -p**3 - 4*p**2 + 9*p + 32. Let f be o(-5). Calculate the greatest common factor of f and d.
4
Let j be 2/4*4/2. Suppose 0 = -4*n - j + 13, 85 = 4*w + 3*n. Suppose 4*p + 20 = 5*t - 87, 91 = 4*t - 5*p. Calculate the greatest common divisor of t and w.
19
Suppose -2*b = -4 + 4. Suppose -2*i + i + 7 = b. Calculate the greatest common divisor of 7 and i.
7
Let v = 16 + -8. Suppose -t + 3 = v, -2*g - 2*t - 2 = 0. Calculate the highest common divisor of g and 44.
4
Let r = 78 - -42. Suppose o - 30 = k, 5*o + 7*k - r = 2*k. What is the highest common divisor of 3 and o?
3
Let n(z) = -15*z + 2. Let j be n(-1). Let r = -338 - -491. What is the highest common divisor of j and r?
17
Let t(b) = b**3 + 11*b**2 - 12. Let g be t(-11). Let i be (-344)/g + 2/(-3). Calculate the highest common factor of 70 and i.
14
Let r = 10 - -35. Let v be -4*r/(-24) + 1/(-2). Calculate the greatest common divisor of 35 and v.
7
Suppose 4*c = 3*u - 260, -197 = -3*u + 3*c + 64. Calculate the highest common factor of 24 and u.
8
Let h(j) = -j**3 - 3*j**2 + 19*j - 1. Let v be h(-7). What is the greatest common factor of 31 and v?
31
Let i(w) = 2*w**2 - 3*w + 28. Let a be i(4). What is the greatest common divisor of 6 and a?
6
Let h(o) = o**3 + 17*o**2 - 10*o + 39. Let d be h(-16). Calculate the greatest common divisor of 35 and d.
35
Let n be 1 + -34 - (-11)/(-11) - 0. Let f = -10 - n. Calculate the greatest common divisor of 16 and f.
8
Suppose -125*c = -127*c + 76. Calculate the greatest common factor of 1273 and c.
19
Suppose 3*q - q - 60 = 0. Suppose 0 = 5*y - 6*s - 50, -5*y + 2*s + 2*s = -50. What is the highest common factor of q and y?
10
Let z = 531 + -412. Let x be (34/(-4))/((-2)/4). Calculate the greatest common divisor of z and x.
17
Let p(o) = 4*o - 46. Let w be p(16). Calculate the highest common divisor of 162 and w.
18
Let k(x) = -50*x - 3. Let t be k(-2). Suppose 4*v + 131 = 2*u - t, 2*u = -8. Let m = v + 149. What is the highest common divisor of m and 9?
9
Let h(d) = -2*d**3 - 4*d**2 - 14. Let n be h(-7). Let y be -1*n/(-44) - 4/(-22). Calculate the highest common factor of y and 55.
11
Let w = 8 - 1. Let c be (-4)/((-40)/6)*55. Let s = w + c. Calculate the highest common divisor of s and 8.
8
Suppose 4*u = -4*d - 0*d + 5896, -4*u = -4*d - 5864. Suppose 4*r - 510 = u. Let b be (8/(-6))/((-5)/r). Calculate the greatest common factor of b and 12.
12
Suppose 4*h + 2*y = 245 + 437, 5*h - 5*y - 845 = 0. What is the greatest common divisor of 68 and h?
34
Let f(b) = -47*b + 4. Suppose 4*l = -r + 5, -4*l + 3*r - r + 14 = 0. Let u be -7 + (3 - 0/l). Let t be f(u). What is the highest common factor of t and 24?
24
Let c be (-3600)/(-9) + (-1 - -7). What is the greatest common factor of c and 14?
14
Let y = -24 - -26. Suppose -y*a - 308 = -4*a. What is the highest common factor of a and 14?
14
Let k = -68 + 62. Let m(z) = -z**2 - 5*z + 9. Let x be m(k). What is the highest common divisor of x and 3?
3
Let t be (-10)/2 + 784/16. Calculate the highest common divisor of t and 209.
11
Let o(r) = 52*r**2 + 2*r. Let i be o(1). Let h = -43 + i. Calculate the greatest common factor of h and 44.
11
Let k = 419 + -320. What is the highest common divisor of k and 9?
9
Let q be (2 - 2) + (46/2 - -1). Let r = -19 + q. Calculate the greatest common divisor of 75 and r.
5
Let a be 25/((-100)/(-24)) + 5. Suppose 440 = 8*q - 3*q - v, 2*v - 264 = -3*q. What is the greatest common factor of q and a?
11
Suppose 0 = -22*d - 18*d + 8800. What is the greatest common divisor of d and 770?
110
Suppose -17*g + 20*g = 6. Let b be ((-12)/(-16) + g)*16. What is the greatest common factor of b and 4?
4
Suppose -2*a + 176 = -0*a. Let i = -63 + 74. Calculate the highest common factor of i and a.
11
Let l be 30*((-10)/6)/(-5). Let s = 151 - 91. Suppose 2*a = 5*a - s. What is the greatest common divisor of l and a?
10
Let a = 0 + 78. Calculate the greatest common divisor of a and 30.
6
Suppose 2*m - 28*m = -936. What is the greatest common factor of m and 612?
36
Let s be (-334)/(-6) - (-2)/6. Suppose 5*l - s = -3*v, 4*v = -v - 4*l + 76. What is the highest common divisor of 84 and v?
12
Let g be (32/8)/(20/195). What is the highest common factor of 26 and g?
13
Suppose -2*g + 2 + 13 = -o, 0 = g + 2. Let c be o + 8*4/(-8). Let p = c + 68. Calculate the greatest common divisor of p and 30.
15
Let x(o) = -1116*o + 4. Let y be x(-2). Calculate the greatest common factor of 52 and y.
52
Let x(t) = -t**3 + 12*t**2 + 16*t + 2. Let w be x(13). What is the greatest common divisor of w and 369?
41
Suppose 0 = 10*v - 12*v + 362. Let r = -132 + 223. Let o = v - r. Calculate the highest common divisor of o and 60.
30
Let b be (-9)/((-54)/285)*(-16)/(-10). Calculate the greatest common factor of b and 266.
38
Let x be (-242)/20*-2 - (-6)/(-30). Suppose 20 = 5*m, -3*j + 4*m = -j. What is the greatest common divisor of j and x?
8
Let g = 147 + -96. Suppose 6 - 3 = d. Let x be 3/1 + -4 + d - -32. Calculate the highest common factor of g and x.
17
Let h be (-2*7)/(-5 - -4). What is the greatest common divisor of 1 and h?
1
Let s = 20 + -18. Suppose -s*q = -13 + 9. Suppose -1 = -q*f + 17. Calculate the highest common factor of f and 45.
9
Suppose 5*j + 3*n - 56 = 0, 2*j - 26 = -0*j - 3*n. Let h be 1074/42 + 18/42 - 1. Calculate the highest common divisor of j and h.
5
Let d be 34/(-17)*(-10)/4. What is the highest common factor of 5 and d?
5
Suppose -4*d - 13*g = -17*g - 264, d + 5*g = 42. What is the highest common divisor of d and 4?
2
Suppose -3*p = -4*v - 109, 0*p + 104 = 3*p + v. Suppose -10 = -2*n + 2*z, 4*n + 4*z - 15 - 21 = 0. What is the highest common factor of n and p?
7
Let x = 223 - 33. Suppose -5*z + 97 = 47. Calculate the highest common divisor of x and z.
10
Let z be ((-2)/6)/(2/(-180)*2). Suppose -z - 11 = -d. Calculate the greatest common divisor of 13 and d.
13
Suppose 12 = -2*q + 4*r, 0*q - 5*q + 6 = 2*r. Suppose l - n - 2 = q, -3*l + 13 = -2*n + 2. What is the greatest common factor of 7 and l?
7
Let o(j) = -j**2 + 29*j + 48. Let r be o(30). What is the highest common factor of r and 162?
18
Suppose 4*n - 108 = -0*n + 4*k, 5*n + 2*k = 170. Suppose -4*f + n + 23 = 5*z, -3*z + 5*f + 33 = 0. What is the greatest common factor of z and 55?
11
Suppose -1756 - 9584 = -15*j. What is the highest common factor of 216 and j?
108
Let q